*p + 6. Give q(s).
6
Let x(h) be the second derivative of h**4/12 - h**3 + 3*h**2 + h - 32. Calculate x(6).
6
Suppose -29 = 3*w - d, 15 = -0*w - 2*w + 5*d. Let g be ((-2)/3)/(w/45). Let r be (0 - 0)/(0 - g). Let l(v) = v - 3. Determine l(r).
-3
Suppose -o = l - 9, -3*o = 4*l - 8 - 23. Let y(i) = -i**2 - 2*i + 5. Calculate y(l).
-19
Let h(g) be the second derivative of -g**5/20 + 13*g**4/12 - 11*g**3/6 + 3*g**2/2 + 14*g - 6. What is h(12)?
15
Let d = 1 - 0. Suppose -6*q - 7 = -d. Let i(f) = -8*f**3 - f. Give i(q).
9
Suppose 3 + 7 = -2*i, 80 = 4*d - 4*i. Suppose -2*g + 51 = d. Suppose 22*w - 4 = g*w. Let l(y) = 4*y**2 + 2*y - 1. Calculate l(w).
5
Let c(w) = w**3 + 3*w**2 - 4*w. Let r(q) = -q**2 + 10*q - 13. Let b be r(9). Determine c(b).
0
Let d(b) = -b**2 + 8*b + 6. Suppose 0*v - 2*v + 108 = 4*l, 104 = 4*l + 4*v. Let c be (-2 - 1)/((-12)/l). Determine d(c).
13
Suppose -3*r + 7 - 1 = 0. Let n(b) = -r + 1 - 3*b - 3 - 2. Give n(-5).
9
Let n(r) = r. Let s(c) = -c**2 - 7*c + 1. Let p be 7*((-6)/(-1))/(-6). Let j be s(p). Calculate n(j).
1
Let v = 2 + 0. Let u be v/3*15/(-2). Let o(s) = 5*s**2 + s**3 + 4 + 8 + s - 9. What is o(u)?
-2
Let s(p) = -7*p - 288. Let d be s(-41). Let h(a) = a - 1. Let c be ((-25)/20)/((-1)/(-4)). Let r(j) = 3*j - 2. Let x(v) = c*h(v) + 2*r(v). Calculate x(d).
0
Let u = 14 + -18. Let i(t) = 12*t - 4*t - 4*t**2 + 1 - 8*t + 3*t**2. Give i(u).
-15
Suppose 0 = 20*v - 153 - 47. Let l(f) = -6*f + 57. Determine l(v).
-3
Let r = 9 + -5. Suppose -r*f + 6*f = 4. Let v(q) = -2*q**2 - 2*q + 3. Determine v(f).
-9
Suppose 0 = -4*k - 5*v + 51, -3*k - 9 = 4*v - 48. Let q(i) = k*i + 15*i + 4 - 25*i. What is q(-7)?
11
Let b(o) = -o**3 - 12*o**2 - 2*o - 4. Suppose 1267*h - 1262*h + 60 = 0. Give b(h).
20
Let s(g) = -g - 4. Suppose 64 = -4*v + 12*v. Suppose 2 = 2*y + v. Give s(y).
-1
Let y(m) = m**3 + 9*m**2 - 13*m - 12. Let l be y(-10). Suppose -l*q - 24 = -22*q. Let o(d) = d - 8. Calculate o(q).
-2
Let a(l) = l**3 + 3*l**2 + 4*l + 1. Let m be (14/(-4) + 4)*6*-1. Determine a(m).
-11
Let z(r) = r**2 + 3*r - 8. Suppose 32*f = 28*f - 16. What is z(f)?
-4
Let n(c) = -3*c - 6. Let r be n(-6). Let u = r - 7. Suppose 0 = g - u*g - 12. Let h(l) = l**2 + 4*l. Determine h(g).
-3
Suppose 18 = 7*p - 3*p + 2*s, -5*p + 22 = 2*s. Let i = -6 + p. Let f(c) be the third derivative of -c**4/8 - c**3/2 - 101*c**2 - 1. Give f(i).
3
Let a(l) = -l + 11. Let q be ((-2)/3)/(1/(-12)). Let h = q + -10. Let s(m) = -6*m + 56. Let i(y) = h*s(y) + 11*a(y). Give i(-7).
2
Let h(f) = 17*f - 128. Let r be h(8). Let v(g) = -g + 1. Calculate v(r).
-7
Let a(d) = 5 - d**3 - 5 + 2 - d - 2*d**2. What is a(-2)?
4
Let x(q) = -q**2 + 10*q - 14. Let v(z) = 4*z**2 - 30*z + 50. Let m be v(2). Give x(m).
10
Let a(q) = -14*q**2. Let c(v) = 11*v**2 + v + 1. Let m(u) = 4*a(u) + 5*c(u). Determine m(5).
5
Let i(c) = -c + 9. Suppose 0 = 4*b - s + 17 + 3, -s = 0. Let g(v) = -v + 9. Let w(d) = b*i(d) + 6*g(d). Calculate w(7).
2
Let i be 2*(-3)/6*-2. Let b(l) = l + 2 + i*l + l. Give b(-2).
-6
Let h(c) = c**2 + 2*c + 3. Let o be h(-2). Let a(q) = 20*q**2 + 4*q - 3. Let r be a(-6). Let p(u) = 696 + 0*u - u**2 - r + u. What is p(o)?
-3
Let n(y) = -2*y**2 + 10*y - 4. Let q(r) = -2*r**2 + 22*r - 49. Let l be q(7). Determine n(l).
-32
Let m(b) = 1018 - 513 + 2*b - 503. What is m(-3)?
-4
Let y(o) be the third derivative of o**4/24 + 4*o**3 + 2*o**2 + 19. What is y(-28)?
-4
Let y(h) = 5*h**3 - 5*h - 4. Let x(f) = -14*f**3 + 14*f + 11. Let j(s) = -6*x(s) - 17*y(s). Give j(-2).
8
Let f(o) = -4*o - 65*o + 2 - 4 + 2*o**2 + 0*o**2 + 68*o. Let a(b) = -b**2 + 5*b - 3. Let k be a(3). Suppose -k*l = n - 8, 7*l - 3*l = 2*n + 4. What is f(n)?
4
Let z(x) = -x + 23. Suppose -32 = -7*t + 59. Determine z(t).
10
Let h(s) = -s**3 + 2*s**2 - 2. Suppose 4*g - 60 = -g. Let a = g - 26. Let b be (6/(-5))/(a/35). Give h(b).
-11
Let c(a) = -a**2 - 5*a - 2. Let b(w) = -4*w + 22. Let l be b(20). Let k = -61 - l. Calculate c(k).
4
Suppose -6*v + 60 = -6. Suppose -v*r = 6*r. Let w(f) = -f + 2. Give w(r).
2
Let z(a) = a**3 - 3*a**2 - 8*a - 6. Let y be z(5). Let o = y + -3. Let n(g) = 7*g**3 - g**2 + 2*g - 1. Determine n(o).
7
Let v be (1*-1)/((-1)/(-3)). Let a(y) be the second derivative of y**5/20 + y**4/6 + y**3/3 + y**2 + y - 45. Determine a(v).
-13
Let y be 16*((-3)/4 - 0). Let p be (49/(-28))/((-3)/y). Let g(o) = -o**3 - 6*o**2 + 9*o + 7. Give g(p).
-7
Let c(u) = -2*u**2 + u - 8. Let p(k) = 4*k**2 - 2*k + 15. Let b(o) = -5*c(o) - 3*p(o). Let x(f) = f**2 - f + 3. Let l(w) = 4*b(w) + 9*x(w). What is l(5)?
7
Let r(v) = 2*v + 42. Let a be ((-4)/(-6))/((-128)/1344) + -15. Determine r(a).
-2
Let s(r) = -r - 7. Suppose -9*z + 34 + 47 = 0. Let m be (2/(-5))/(z/(-135)). Determine s(m).
-13
Let y(q) = -q**3 - 8*q**2 - q - 7. Let s be (8 + 0)*(4 - (4 - -1)). Let p be y(s). Let g(l) = -3*l**2 - l. Determine g(p).
-4
Let d be 4/(-8) + (-21)/(-2). Suppose 0 - d = -5*q. Let k(r) = 11 + 7*r + r**q - 2*r**2 - 3. Give k(7).
8
Let i(b) = -3*b**2 + 4*b + 1. Suppose 10*k - 30 = -0*k. What is i(k)?
-14
Suppose 60 - 40 = -5*x. Let r(h) be the second derivative of -h**4/12 - h**3/6 + h**2/2 - 2*h. Calculate r(x).
-11
Let o(l) be the first derivative of l**4/12 + l**3 - l**2/2 + 12*l + 15. Let n(c) be the first derivative of o(c). What is n(-7)?
6
Let l(v) be the third derivative of 1/10*v**5 + 0*v + 7/24*v**4 - 3*v**2 + 1/3*v**3 + 0 + 1/120*v**6. Let j(b) = -6*b**2 + 1. Let p be j(1). Calculate l(p).
-8
Let d(b) = 1 + 0*b + 2*b + 2*b. Let y(z) = 99*z + 3 - z**2 - 200*z + 100*z. Let t be y(-3). Calculate d(t).
-11
Let m(i) be the second derivative of 0 + 3*i - 12*i**2 - 1/3*i**3. Let y(d) = -d - 12. Let x(u) = 3*m(u) - 5*y(u). What is x(-7)?
-5
Let k(q) = 4*q - 128. Let n be k(30). Let w(b) = b**3 + 8*b**2 + 2*b - 10. Give w(n).
-26
Suppose -5*q + 4 = -4*q. Let t be -55*(66/(-15) + q). Suppose 3*a - 4 = -t. Let s(i) = i**3 + 6*i**2 + 3. What is s(a)?
3
Let d be (1 - -1 - 5/2)*0. Let w(b) = b**2 - 12. What is w(d)?
-12
Let u(p) = 11*p**2 - 69*p + 20. Let d(z) = -4*z**2 + 25*z - 7. Let j(t) = 17*d(t) + 6*u(t). What is j(8)?
-39
Suppose 12*j = 8*j - 24. Let v = -8 - j. Let l(f) = 2*f + 3. Give l(v).
-1
Suppose s + 12 = 2*r, -5*s - 8 = 4*r + 10. Let d(h) be the third derivative of -h**4/24 - 2*h**2. Determine d(s).
6
Let w = 43 + -38. Let j be (0/w)/(1/2*2). Let k(o) = o**2 - o - 6. Calculate k(j).
-6
Suppose -13 = -4*t + 7. Let p(c) = 2 + 8 + 5 + 0 - c - 12. What is p(t)?
-2
Let u(k) = 13636*k**2 - 13637*k**2 + 11 - 5*k - 6*k. What is u(-9)?
29
Let d(i) = 4*i + 2*i**2 + 2*i**2 - 3*i**2 + 324 - 326. Suppose 5*t = t + 20. Suppose 0 = -t*f + r - 19 + 2, -5*f + 4*r = 8. Give d(f).
-2
Let l = -289 - -290. Let r(k) = -8*k**3 + k**2 + 1. Give r(l).
-6
Let s(z) = -z**3 + 5*z**2 - 3*z + 6. Let b be 0 + 3*(-3)/(-9). Suppose 4*y - 4*m - 52 = 0, m - 34 - 9 = -3*y. Let d be 3*b - y/(-7). Give s(d).
-9
Let c(b) = 7*b**2 + 4*b + 4. Let w(y) = 9*y**2 + 5*y + 4. Let s(f) = 6*c(f) - 5*w(f). Give s(2).
-10
Let g(k) = -k + 19. Let f be g(17). Suppose 0*y + f*c = y + 13, -3*y + 1 = 4*c. Let u(s) = s**3 + 6*s**2 + 5*s + 5. Determine u(y).
5
Suppose -6*r + c + 31 = -4*r, -5*c - 75 = -5*r. Let z = 15 - r. Let f(y) = 7*y**2 + 2*y + 1. Calculate f(z).
6
Let g(c) = 141*c**2 - 14 - 421*c**2 - c + 10*c - c**3 + 141*c**2 + 142*c**2. Determine g(4).
6
Suppose 0 = -117*t - 17 + 17. Let n(p) = 2*p + 10. Give n(t).
10
Let j(t) = -11 + 6 + t**3 - 2*t + 3*t - 5*t**2. Let p = 55 - 35. Suppose -4*w - p = 0, 0*g + 3*g - 20 = w. Determine j(g).
0
Let y(i) = 5*i**3 - 7*i**2 - 4*i - 6. Let h(p) = -18*p**3 + 22*p**2 + 11*p + 19. Let k(m) = 2*h(m) + 7*y(m). Give k(-5).
26
Suppose -4 + 3 = -o. Let r(j) = j + 177*j**2 - 352*j**2 + 171*j**2. What is r(o)?
-3
Suppose 5*j = -5*x + 4 - 49, 4*j + 32 = -3*x. Let f(b) = -b - 5. Let s(p) = 2*p + 6. Let d(h) = x*s(h) - 5*f(h). Give d(6).
-17
Let z(j) = 856 - 1693 + 875 + 3*j. Determine z(-10).
8
Let c(f) = 2*f**2 - 2. Let y(s) = -3*s**2 - s + 4. Let t be 10*(1/(-2) - 0). Let z(q) = t*c(q) - 3*y(q). Calculate z(5).
-12
Let w(x) = x**2 + 8*x + 9. Let h be w(-7). Suppose 0 = -2*l + 2*t, -6 = -3*l + 5*t - 10. Let o(n) = -2 - 237*n**l + 121*n**2 + 114*n**2 + n. Determine o(h).
-8
Let v(g) be the third derivative of -g**5/60 - 7*g**4/24 - g**3/6 - g**2 + 13*g. Cal